43614150 and 7350.
2450
What is the greatest common factor of 25011 and 20979?
63
Calculate the highest common factor of 16 and 29503800.
8
Calculate the greatest common factor of 22374 and 114912.
18
Calculate the greatest common factor of 130770 and 33120.
90
What is the greatest common divisor of 115675 and 600075?
175
Calculate the highest common divisor of 8 and 183655028.
4
What is the highest common factor of 125158 and 201938?
22
Calculate the greatest common factor of 21495972 and 468.
12
What is the highest common divisor of 1121 and 24389597?
1121
Calculate the highest common divisor of 596 and 176516.
4
Calculate the highest common divisor of 16 and 2082016512.
16
Calculate the greatest common factor of 8365 and 3662225.
35
What is the highest common factor of 6222 and 6027166?
122
Calculate the greatest common divisor of 45796 and 63772.
428
What is the greatest common divisor of 19075 and 11407025?
175
What is the highest common divisor of 631020 and 1247478?
4854
Calculate the highest common factor of 2340 and 58835556.
468
What is the greatest common divisor of 20 and 84259540?
20
What is the highest common factor of 620 and 5086690?
10
Calculate the greatest common divisor of 78108 and 28014.
138
What is the highest common divisor of 942 and 32879254?
314
What is the greatest common divisor of 171072 and 493504?
704
Calculate the greatest common divisor of 1962 and 11773308.
654
What is the greatest common factor of 216 and 2761404?
12
What is the highest common factor of 901 and 10921599?
17
Calculate the highest common factor of 100577 and 1815064.
2339
What is the highest common factor of 14986876 and 1462?
86
What is the greatest common divisor of 2430 and 7591806?
486
Calculate the greatest common divisor of 43736 and 290136.
616
What is the highest common divisor of 2793 and 108604874?
931
Calculate the highest common factor of 2836524 and 156.
12
What is the greatest common divisor of 9313144 and 564?
188
Calculate the highest common divisor of 85855149 and 27.
9
Calculate the greatest common divisor of 1248951 and 3279.
3
What is the greatest common divisor of 1091874573 and 2153?
2153
Calculate the highest common factor of 2209410 and 1225.
245
Calculate the highest common divisor of 16622940 and 40.
20
Calculate the highest common divisor of 1343 and 218483032.
79
Calculate the greatest common divisor of 3638340 and 100.
20
Calculate the greatest common factor of 160747 and 101830453.
5543
Calculate the greatest common factor of 15401730 and 20460.
930
Calculate the highest common divisor of 41960921 and 668.
167
Calculate the greatest common factor of 16 and 3865388.
4
Calculate the greatest common divisor of 111545118 and 18.
18
What is the greatest common factor of 592 and 20282?
2
Calculate the highest common divisor of 3468423 and 370875.
2967
What is the greatest common divisor of 3059 and 54763989?
161
Calculate the highest common divisor of 430113 and 185667.
933
Calculate the greatest common factor of 1138538748 and 456.
228
What is the greatest common factor of 22 and 46173479?
11
What is the greatest common factor of 50 and 34208?
2
What is the highest common divisor of 306051 and 172533?
867
What is the highest common divisor of 1120717 and 26?
13
Calculate the highest common factor of 150 and 4168650.
150
Calculate the greatest common factor of 3349874 and 110.
22
Calculate the highest common divisor of 22 and 30676712.
22
What is the highest common factor of 38380 and 10201860?
380
What is the greatest common divisor of 2140923 and 1941?
1941
What is the greatest common factor of 70 and 8055614?
14
What is the greatest common divisor of 11 and 70382378?
11
Calculate the greatest common divisor of 1681 and 725454.
41
What is the highest common factor of 18 and 70576317?
9
What is the highest common divisor of 27741 and 13557423?
3963
What is the highest common divisor of 425 and 784208470?
85
What is the highest common divisor of 3465 and 37355780?
385
What is the highest common divisor of 881480 and 1440?
40
Calculate the highest common divisor of 48338121 and 1079.
1079
Calculate the highest common divisor of 182 and 1778518.
14
Calculate the highest common factor of 360995177 and 9598.
4799
Calculate the greatest common factor of 2013 and 288123.
33
What is the greatest common divisor of 3792167 and 74?
37
What is the highest common divisor of 85 and 35846166?
17
What is the greatest common factor of 1750296 and 264172?
1252
What is the highest common factor of 1589820 and 420?
60
What is the greatest common divisor of 72912 and 2488?
8
Calculate the highest common divisor of 305439903 and 81.
81
What is the highest common divisor of 8629027 and 11?
11
Calculate the greatest common factor of 2200748 and 1606.
22
Calculate the greatest common divisor of 8960 and 3292.
4
Calculate the highest common factor of 3761527 and 14278.
121
Calculate the highest common factor of 2 and 13710899.
1
Calculate the highest common factor of 1552848 and 4080.
816
Calculate the greatest common factor of 12860 and 20676.
4
Calculate the highest common divisor of 16662464 and 1664.
832
What is the highest common divisor of 206552 and 3960?
8
What is the highest common factor of 746598 and 16158?
6
What is the highest common factor of 1118 and 537918992?
1118
What is the highest common factor of 150165 and 304560?
2115
What is the greatest common factor of 15976 and 11872?
8
What is the greatest common divisor of 871060 and 57230?
970
What is the greatest common divisor of 3198 and 10136061?
1599
Calculate the greatest common divisor of 537086583 and 1914.
957
Calculate the greatest common factor of 742532 and 345900.
4612
What is the greatest common factor of 261766258 and 9646?
1378
Calculate the highest common factor of 465859 and 171.
1
Calculate the greatest common divisor of 8648219 and 1424.
89
Calculate the greatest common divisor of 70277 and 16211317.
2267
What is the highest common factor of 1751 and 6101617?
103
Calculate the greatest common divisor of 30542190 and 315.
105
What is the highest common factor of 2189575080 and 1155?
1155
What is the highest common factor of 46 and 26604307?
23
What is the greatest common factor of 22795225 and 50?
25
What is the highest common divisor of 4161 and 18078633?
57
Calculate the greatest common factor of 34242 and 10178654.
878
Calculate the highest common divisor of 15344824 and 9676.
164
What is the greatest common divisor of 1258 and 544612?
34
What is the greatest common divisor of 86 and 50240?
2
Calculate the highest common divisor of 120 and 51567340.
20
What is the greatest common divisor of 26032 and 49350164?
6508
What is the greatest common divisor of 347504 and 268768?
592
What is the highest common divisor of 2837 and 8273?
1
What is the highest common factor of 50 and 42416525?
25
Calculate the greatest common factor of 24187 and 22667.
19
Calculate the highest common factor of 29555 and 306597659.
5911
Calculate the greatest common factor of 25914322 and 70.
14
What is the highest common divisor of 1513576 and 4110?
274
What is the highest common divisor of 389633 and 209?
19
Calculate the highest common divisor of 3899955 and 18600.
465
What is the highest common divisor of 14447181 and 357?
21
Calculate the greatest common factor of 4338458 and 82708.
58
Calculate the highest common factor of 2684198848 and 8128.
8128
Calculate the highest common divisor of 8134354 and 2996.
214
Calculate the greatest common divisor of 9950360 and 385.
35
Calculate the greatest common factor of 25242497 and 42.
7
Calculate the highest common factor of 7218 and 8604.
18
What is the greatest common divisor of 2614500 and 20685?
105
What is the highest common divisor of 2988 and 52362?
18
What is the highest common factor of 26560 and 325692?
332
Calculate the highest common divisor of 19984248 and 44544.
696
What is the highest common divisor of 48 and 17592612?
12
What is the greatest common factor of 71 and 48731?
1
Calculate the greatest common divisor of 104 and 829982257.
13
Calculate the greatest common factor of 315 and 8837255.
35
What is the greatest common factor of 155593120 and 11600?
2320
Calculate the greatest common divisor of 1500 and 195420.
60
Calc